{"id":113,"date":"2019-11-13T13:01:11","date_gmt":"2019-11-13T13:01:11","guid":{"rendered":"http:\/\/www.wbv-oste.de\/?page_id=113"},"modified":"2026-04-14T06:43:58","modified_gmt":"2026-04-14T06:43:58","slug":"beitrag","status":"publish","type":"page","link":"https:\/\/uhv-untere-oste.de\/?page_id=113","title":{"rendered":"Beitrag"},"content":{"rendered":"\n<div class=\"wp-block-group\"><div class=\"wp-block-group__inner-container is-layout-flow wp-block-group-is-layout-flow\">\n<div class=\"wp-block-columns is-layout-flex wp-container-core-columns-is-layout-9d6595d7 wp-block-columns-is-layout-flex\">\n<div class=\"wp-block-column is-layout-flow wp-block-column-is-layout-flow\" style=\"flex-basis:66.66%\">\n<p>Der Beitrag der einzelnen Mitglieder ergibt sich aus dem Verh\u00e4ltnis, der zum Verbandsgebiet geh\u00f6renden Fl\u00e4chen. Ma\u00dfgebend f\u00fcr die Beitragsveranlagung ist der Katasterstand am 1. Januar des Veranlagungsjahres <a href=\"http:\/\/wbv-oste.de\/wp-content\/uploads\/2019\/11\/Satzung-einschl.-erste-bis-siebte-\u00c4nd._12.12.13.pdf\">(Klicken Sie hier um die Satzung einzusehen)<\/a>.<\/p>\n\n\n\n<p>Der Beitragssatz f\u00fcr den Unterhaltungsverband Unter Oste&nbsp;wird vom Ausschuss des Verbandes f\u00fcr die beteiligte Fl\u00e4che jeweils f\u00fcr das laufende Rechnungsjahr festgesetzt.  <br><br>Die Mitgliedschaft zu den Unterhaltungsverb\u00e4nden ist durch das Nieders\u00e4chsische Wassergesetz begr\u00fcndet.&nbsp;<br>Alle Fl\u00e4chen, soweit sie zum Niederschlagsgebiet eines Gew\u00e4ssers II. Ordnung geh\u00f6ren, werden ohne R\u00fccksicht auf Lage, Beschaffenheit oder Nutzungsart gleichm\u00e4\u00dfig mit Beitr\u00e4gen belastet. <br><br>In den Beitragsabteilungen (ehemalige Wasser- und Bodenverb\u00e4nde) verteilt sich die Beitragslast auf die Mitglieder im Verh\u00e4ltnis der Vorteile, die sie von der Durchf\u00fchrung der Verbandsaufgaben haben.  <br><br>Die ma\u00dfgebenden Paragraphen zum Beitragswesen (\u00a7 29 ff.) sind der Satzung zu entnehmen.  <\/p>\n\n\n\n<p><a href=\"https:\/\/uhv-untere-oste.de\/wp-content\/uploads\/2026\/02\/Anlage_Bescheid_UHV_2026.pdf\" data-type=\"link\" data-id=\"https:\/\/uhv-untere-oste.de\/wp-content\/uploads\/2026\/02\/Anlage_Bescheid_UHV_2026.pdf\">INFORMATION ZUM BEITRAGSBESCHEID 2026<\/a><\/p>\n<\/div>\n\n\n\n<div class=\"wp-block-column is-layout-flow wp-block-column-is-layout-flow\" style=\"flex-basis:33.34%\">\n<h4 class=\"wp-block-heading\">Downloads <\/h4>\n\n\n\n<ul class=\"wp-block-list\">\n<li><a href=\"http:\/\/wbv-oste.de\/wp-content\/uploads\/2020\/02\/Abbuchungsformular_UHV.pdf\">Abbuchungsformular<\/a><\/li>\n\n\n\n<li><a href=\"http:\/\/wbv-oste.de\/wp-content\/uploads\/2020\/02\/\u00c4nderungsmitteilung_Neue-Anschrift-UHV.pdf\">\u00c4nderungsmitteilung Adressdaten<\/a><\/li>\n\n\n\n<li><a href=\"http:\/\/wbv-oste.de\/wp-content\/uploads\/2020\/02\/\u00c4nderungsmitteilung_Neue-Bankdaten-UHV.pdf\">\u00c4nderungsmitteilung Bankdaten<\/a><\/li>\n\n\n\n<li><a href=\"http:\/\/wbv-oste.de\/wp-content\/uploads\/2020\/02\/\u00c4nderungsmitteilung_Eigentumswechsel-UHV.pdf\">\u00c4nderungsmitteilung Eigent\u00fcmerwechsel<\/a><\/li>\n<\/ul>\n<\/div>\n<\/div>\n<\/div><\/div>\n","protected":false},"excerpt":{"rendered":"<p>Der Beitrag der einzelnen Mitglieder ergibt sich aus dem Verh\u00e4ltnis, der zum Verbandsgebiet geh\u00f6renden Fl\u00e4chen. Ma\u00dfgebend f\u00fcr die Beitragsveranlagung ist der Katasterstand am 1. Januar des Veranlagungsjahres (Klicken Sie hier um die Satzung einzusehen). Der Beitragssatz f\u00fcr den Unterhaltungsverband Unter Oste&nbsp;wird vom Ausschuss des Verbandes f\u00fcr die beteiligte Fl\u00e4che jeweils f\u00fcr das laufende Rechnungsjahr festgesetzt. [&hellip;]<\/p>\n","protected":false},"author":1,"featured_media":0,"parent":0,"menu_order":4,"comment_status":"closed","ping_status":"closed","template":"","meta":{"footnotes":""},"class_list":["post-113","page","type-page","status-publish","hentry"],"_links":{"self":[{"href":"https:\/\/uhv-untere-oste.de\/index.php?rest_route=\/wp\/v2\/pages\/113","targetHints":{"allow":["GET"]}}],"collection":[{"href":"https:\/\/uhv-untere-oste.de\/index.php?rest_route=\/wp\/v2\/pages"}],"about":[{"href":"https:\/\/uhv-untere-oste.de\/index.php?rest_route=\/wp\/v2\/types\/page"}],"author":[{"embeddable":true,"href":"https:\/\/uhv-untere-oste.de\/index.php?rest_route=\/wp\/v2\/users\/1"}],"replies":[{"embeddable":true,"href":"https:\/\/uhv-untere-oste.de\/index.php?rest_route=%2Fwp%2Fv2%2Fcomments&post=113"}],"version-history":[{"count":40,"href":"https:\/\/uhv-untere-oste.de\/index.php?rest_route=\/wp\/v2\/pages\/113\/revisions"}],"predecessor-version":[{"id":1432,"href":"https:\/\/uhv-untere-oste.de\/index.php?rest_route=\/wp\/v2\/pages\/113\/revisions\/1432"}],"wp:attachment":[{"href":"https:\/\/uhv-untere-oste.de\/index.php?rest_route=%2Fwp%2Fv2%2Fmedia&parent=113"}],"curies":[{"name":"wp","href":"https:\/\/api.w.org\/{rel}","templated":true}]}}