{"id":265,"date":"2019-11-18T07:38:42","date_gmt":"2019-11-18T07:38:42","guid":{"rendered":"http:\/\/wbv-oste.de\/?page_id=265"},"modified":"2026-01-07T08:55:03","modified_gmt":"2026-01-07T08:55:03","slug":"aufbau-des-verbandes","status":"publish","type":"page","link":"https:\/\/uhv-untere-oste.de\/?page_id=265","title":{"rendered":"Aufbau des Verbandes"},"content":{"rendered":"\n<h2 class=\"wp-block-heading\">Aufbau des Verbandes<\/h2>\n\n\n\n<div style=\"height:50px\" aria-hidden=\"true\" class=\"wp-block-spacer\"><\/div>\n\n\n\n<p>Der Unterhaltungsverband Untere Oste setzt sich zusammen aus dem Vorstand und dem Ausschuss. Der Vorstand besteht aus dem Verbandsvorsteher und 6 weiteren Vorstandsmitgliedern, der alle 5 Jahre vom Ausschuss gew\u00e4hlt wird. Der Verbandsvorsteher f\u00fchrt den Vorsitz im Vorstand. Ihm obliegen alle Gesch\u00e4fte im Rahmen der Beschl\u00fcsse des Ausschusses \u00fcber die Grunds\u00e4tze der Gesch\u00e4ftspolitik. N\u00e4heres regelt eine Gesch\u00e4ftsordnung, die vom Ausschuss beschlossen wird. Die Aufgaben des Vorstehers und des Vorstandes sind in der Satzung in \u00a7 17 festgelegt. F\u00fcr die Wahlperiode vom 01.01.2026 bis zum 31.12.2030 sind in den Vorstand gew\u00e4hlt:<\/p>\n\n\n\n<div style=\"height:50px\" aria-hidden=\"true\" class=\"wp-block-spacer\"><\/div>\n\n\n\n<div class=\"wp-block-group\"><div class=\"wp-block-group__inner-container is-layout-flow wp-block-group-is-layout-flow\"><div class=\"wp-block-image is-style-rounded\">\n<figure class=\"aligncenter size-full is-resized\"><img loading=\"lazy\" decoding=\"async\" width=\"193\" height=\"283\" src=\"https:\/\/uhv-untere-oste.de\/wp-content\/uploads\/2026\/01\/Screenshot-2026-01-07-095359.jpg\" alt=\"\" class=\"wp-image-1409\" style=\"aspect-ratio:0.7146892655367232;width:253px;height:auto\"\/><\/figure>\n<\/div><\/div><\/div>\n\n\n\n<h3 class=\"wp-block-heading has-text-align-center\">Andreas Brandt<br>Verbandsvorsteher<\/h3>\n\n\n\n<div style=\"height:50px\" aria-hidden=\"true\" class=\"wp-block-spacer\"><\/div>\n\n\n\n<div id=\"footable_parent_641\"\n         class=\" footable_parent ninja_table_wrapper loading_ninja_table wp_table_data_press_parent semantic_ui \">\n                <table data-ninja_table_instance=\"ninja_table_instance_0\" data-footable_id=\"641\" data-filter-delay=\"1000\" aria-label=\"Vorstandsmitglieder\"            id=\"footable_641\"\n           data-unique_identifier=\"ninja_table_unique_id_2076598725_641\"\n           class=\" foo-table ninja_footable foo_table_641 ninja_table_unique_id_2076598725_641 ui table  nt_type_ajax_table selectable striped vertical_centered  footable-paging-right\">\n                <colgroup>\n                            <col class=\"ninja_column_0 \">\n                            <col class=\"ninja_column_1 \">\n                    <\/colgroup>\n            <\/table>\n    \n    \n    \n<\/div>\n\n\n\n\n<div style=\"height:25px\" aria-hidden=\"true\" class=\"wp-block-spacer\"><\/div>\n\n\n\n<h2 class=\"wp-block-heading\">Der Ausschuss <\/h2>\n\n\n\n<div style=\"height:25px\" aria-hidden=\"true\" class=\"wp-block-spacer\"><\/div>\n\n\n\n<p>Der Ausschuss besteht aus 20 Mitgliedern. Jedes Mitglied hat einen Stellvertreter. Der Ausschuss wird von den Verbandsmitgliedern in 24 Wahlbezirken alle 5 Jahre gew\u00e4hlt. Die Wahlbezirke des Verbandes sind der Anlage der Satzung zu entnehmen. Die Aufgaben des Verbandsausschusses sind in der Satzung \u00a7 9 festgelegt.&nbsp; <\/p>\n\n\n\n<p>F\u00fcr die Wahlperiode vom 01.01.2025 bis zum 31.12.2029 sind in den Ausschuss gew\u00e4hlt:<\/p>\n\n\n\n<div style=\"height:25px\" aria-hidden=\"true\" class=\"wp-block-spacer\"><\/div>\n\n\n\n<div id=\"footable_parent_653\"\n         class=\" footable_parent ninja_table_wrapper loading_ninja_table wp_table_data_press_parent semantic_ui \">\n                <table data-ninja_table_instance=\"ninja_table_instance_1\" data-footable_id=\"653\" data-filter-delay=\"1000\" aria-label=\"Ausschussmitglieder\"            id=\"footable_653\"\n           data-unique_identifier=\"ninja_table_unique_id_2518975198_653\"\n           class=\" foo-table ninja_footable foo_table_653 ninja_table_unique_id_2518975198_653 ui table  nt_type_ajax_table selectable striped vertical_centered  footable-paging-right\">\n                <colgroup>\n                            <col class=\"ninja_column_0 \">\n                            <col class=\"ninja_column_1 \">\n                            <col class=\"ninja_column_2 \">\n                    <\/colgroup>\n            <\/table>\n    \n    \n    \n<\/div>\n\n\n\n\n<div style=\"height:25px\" aria-hidden=\"true\" class=\"wp-block-spacer\"><\/div>\n\n\n\n<h2 class=\"wp-block-heading\"><\/h2>\n\n\n\n<div style=\"height:25px\" aria-hidden=\"true\" class=\"wp-block-spacer\"><\/div>\n","protected":false},"excerpt":{"rendered":"<p>Aufbau des Verbandes Der Unterhaltungsverband Untere Oste setzt sich zusammen aus dem Vorstand und dem Ausschuss. Der Vorstand besteht aus dem Verbandsvorsteher und 6 weiteren Vorstandsmitgliedern, der alle 5 Jahre vom Ausschuss gew\u00e4hlt wird. Der Verbandsvorsteher f\u00fchrt den Vorsitz im Vorstand. Ihm obliegen alle Gesch\u00e4fte im Rahmen der Beschl\u00fcsse des Ausschusses \u00fcber die Grunds\u00e4tze der [&hellip;]<\/p>\n","protected":false},"author":1,"featured_media":0,"parent":111,"menu_order":2,"comment_status":"closed","ping_status":"closed","template":"template-onecolumn.php","meta":{"footnotes":""},"class_list":["post-265","page","type-page","status-publish","hentry"],"_links":{"self":[{"href":"https:\/\/uhv-untere-oste.de\/index.php?rest_route=\/wp\/v2\/pages\/265","targetHints":{"allow":["GET"]}}],"collection":[{"href":"https:\/\/uhv-untere-oste.de\/index.php?rest_route=\/wp\/v2\/pages"}],"about":[{"href":"https:\/\/uhv-untere-oste.de\/index.php?rest_route=\/wp\/v2\/types\/page"}],"author":[{"embeddable":true,"href":"https:\/\/uhv-untere-oste.de\/index.php?rest_route=\/wp\/v2\/users\/1"}],"replies":[{"embeddable":true,"href":"https:\/\/uhv-untere-oste.de\/index.php?rest_route=%2Fwp%2Fv2%2Fcomments&post=265"}],"version-history":[{"count":34,"href":"https:\/\/uhv-untere-oste.de\/index.php?rest_route=\/wp\/v2\/pages\/265\/revisions"}],"predecessor-version":[{"id":1410,"href":"https:\/\/uhv-untere-oste.de\/index.php?rest_route=\/wp\/v2\/pages\/265\/revisions\/1410"}],"up":[{"embeddable":true,"href":"https:\/\/uhv-untere-oste.de\/index.php?rest_route=\/wp\/v2\/pages\/111"}],"wp:attachment":[{"href":"https:\/\/uhv-untere-oste.de\/index.php?rest_route=%2Fwp%2Fv2%2Fmedia&parent=265"}],"curies":[{"name":"wp","href":"https:\/\/api.w.org\/{rel}","templated":true}]}}