{"id":705,"date":"2019-12-06T08:02:24","date_gmt":"2019-12-06T08:02:24","guid":{"rendered":"http:\/\/wbv-oste.de\/?page_id=705"},"modified":"2023-03-28T06:33:56","modified_gmt":"2023-03-28T06:33:56","slug":"aktuelles-termine","status":"publish","type":"page","link":"https:\/\/uhv-untere-oste.de\/?page_id=705","title":{"rendered":"Aktuelles"},"content":{"rendered":"\n<p class=\"has-text-align-center\"><strong>Aktuelles f\u00fcr Sie zusammengefasst!<\/strong><\/p>\n\n\n\n<p>Sie m\u00f6chten wissen was bei uns so los ist? Hier werden Sie immer auf den neusten Stand gebracht. Bauma\u00dfnahmen, Veranstaltungen und besondere Vorkommnisse &#8211; alles f\u00fcr Sie zusammengefasst. <\/p>\n\n\n<h2 class=\"wp-block-post-title\">Aktuelles<\/h2>\n\n<ul class=\"wp-block-latest-posts__list has-dates wp-block-latest-posts\"><li><a class=\"wp-block-latest-posts__post-title\" href=\"https:\/\/uhv-untere-oste.de\/?p=1427\">Neuer Schlepper im Fuhrpark des Unterhaltungsverbandes Untere Oste<\/a><time datetime=\"2026-03-03T08:09:29+00:00\" class=\"wp-block-latest-posts__post-date\">3. M\u00e4rz 2026<\/time><div class=\"wp-block-latest-posts__post-excerpt\">Der Unterhaltungsverband Untere Oste hat seinen Fuhrpark um einen modernen John Deere 6M 125 AP Schlepper mit Frontlader erweitert. Mit der Neuanschaffung investiert der Verband gezielt in eine leistungsf\u00e4hige und zukunftssichere Ausstattung\u2026\u00a0<a class=\"wp-block-latest-posts__read-more\" href=\"https:\/\/uhv-untere-oste.de\/?p=1427\" rel=\"noopener noreferrer\"><span class=\"screen-reader-text\">Neuer Schlepper im Fuhrpark des Unterhaltungsverbandes Untere Oste <\/span>weiterlesen<\/a><\/div><\/li>\n<li><a class=\"wp-block-latest-posts__post-title\" href=\"https:\/\/uhv-untere-oste.de\/?p=1405\">Neuer Verbandsvorsteher beim Unterhaltungsverband Untere Oste ab 01.01.2026<\/a><time datetime=\"2026-01-05T08:41:14+00:00\" class=\"wp-block-latest-posts__post-date\">5. Januar 2026<\/time><div class=\"wp-block-latest-posts__post-excerpt\">Der Unterhaltungsverband Untere Oste verabschiedete am 18. Dezember 2025 den bisherigen Verbandsvorsteher Johann-Martin Hildebrandt und w\u00e4hlte im Rahmen der Ausschusssitzung Andreas Brandt als neuen Verbandsvorsteher. Die offizielle Amtszeit von Verbandsvorsteher Hildebrandt endet\u2026\u00a0<a class=\"wp-block-latest-posts__read-more\" href=\"https:\/\/uhv-untere-oste.de\/?p=1405\" rel=\"noopener noreferrer\"><span class=\"screen-reader-text\">Neuer Verbandsvorsteher beim Unterhaltungsverband Untere Oste ab 01.01.2026 <\/span>weiterlesen<\/a><\/div><\/li>\n<li><a class=\"wp-block-latest-posts__post-title\" href=\"https:\/\/uhv-untere-oste.de\/?p=1359\">Umfangreiche Entschlammungsma\u00dfnahmen durch den Unterhaltungsverband Untere Oste<\/a><time datetime=\"2025-02-19T09:30:15+00:00\" class=\"wp-block-latest-posts__post-date\">19. Februar 2025<\/time><div class=\"wp-block-latest-posts__post-excerpt\">Eines der sich j\u00e4hrlich wiederholenden T\u00e4tigkeiten des Unterhaltungsverbandes Untere Oste sind die Entschlammungsma\u00dfnahmen an den Verbandsgew\u00e4ssern. Auch in diesem Jahr wurden wieder ca. 20 km Gew\u00e4sser II. Ordnung entschlammt. Aber wozu dient\u2026\u00a0<a class=\"wp-block-latest-posts__read-more\" href=\"https:\/\/uhv-untere-oste.de\/?p=1359\" rel=\"noopener noreferrer\"><span class=\"screen-reader-text\">Umfangreiche Entschlammungsma\u00dfnahmen durch den Unterhaltungsverband Untere Oste <\/span>weiterlesen<\/a><\/div><\/li>\n<li><a class=\"wp-block-latest-posts__post-title\" href=\"https:\/\/uhv-untere-oste.de\/?p=1302\">Niederschl\u00e4ge fordern die Kapazit\u00e4ten des Unterhaltungsverbandes<\/a><time datetime=\"2023-08-23T07:36:24+00:00\" class=\"wp-block-latest-posts__post-date\">23. August 2023<\/time><div class=\"wp-block-latest-posts__post-excerpt\">Hauptthema der letzten Wochen ist die derzeitige Wetterlage. Ein Blick auf die Vergleichsdaten der letzten Jahre zeigen den starken Anstieg der Niederschlagsmengen (Juli 2019 \u2013 23,8 mm, Juli 2020 \u2013 106,0 mm,\u2026\u00a0<a class=\"wp-block-latest-posts__read-more\" href=\"https:\/\/uhv-untere-oste.de\/?p=1302\" rel=\"noopener noreferrer\"><span class=\"screen-reader-text\">Niederschl\u00e4ge fordern die Kapazit\u00e4ten des Unterhaltungsverbandes <\/span>weiterlesen<\/a><\/div><\/li>\n<li><a class=\"wp-block-latest-posts__post-title\" href=\"https:\/\/uhv-untere-oste.de\/?p=1269\">Jubil\u00e4umsfeier beim Unterhaltungsverband<\/a><time datetime=\"2023-05-02T05:48:39+00:00\" class=\"wp-block-latest-posts__post-date\">2. Mai 2023<\/time><div class=\"wp-block-latest-posts__post-excerpt\">Der Unterhaltungsverband Untere Oste hat im feierlichen Rahmen langj\u00e4hrige Sch\u00f6pfwerksw\u00e4rter\/- innen ausgezeichnet. 4 Jubilare sind der Einladung gefolgt und Thorsten Ratzke, Gesch\u00e4ftsf\u00fchrer des Unterhaltungsverbandes Untere Oste, hat die Gelegenheit genutzt Danke zu\u2026\u00a0<a class=\"wp-block-latest-posts__read-more\" href=\"https:\/\/uhv-untere-oste.de\/?p=1269\" rel=\"noopener noreferrer\"><span class=\"screen-reader-text\">Jubil\u00e4umsfeier beim Unterhaltungsverband <\/span>weiterlesen<\/a><\/div><\/li>\n<\/ul>","protected":false},"excerpt":{"rendered":"<p>Aktuelles f\u00fcr Sie zusammengefasst! Sie m\u00f6chten wissen was bei uns so los ist? Hier werden Sie immer auf den neusten Stand gebracht. Bauma\u00dfnahmen, Veranstaltungen und besondere Vorkommnisse &#8211; alles f\u00fcr Sie zusammengefasst.<\/p>\n","protected":false},"author":1,"featured_media":0,"parent":0,"menu_order":2,"comment_status":"closed","ping_status":"closed","template":"","meta":{"footnotes":""},"class_list":["post-705","page","type-page","status-publish","hentry"],"_links":{"self":[{"href":"https:\/\/uhv-untere-oste.de\/index.php?rest_route=\/wp\/v2\/pages\/705","targetHints":{"allow":["GET"]}}],"collection":[{"href":"https:\/\/uhv-untere-oste.de\/index.php?rest_route=\/wp\/v2\/pages"}],"about":[{"href":"https:\/\/uhv-untere-oste.de\/index.php?rest_route=\/wp\/v2\/types\/page"}],"author":[{"embeddable":true,"href":"https:\/\/uhv-untere-oste.de\/index.php?rest_route=\/wp\/v2\/users\/1"}],"replies":[{"embeddable":true,"href":"https:\/\/uhv-untere-oste.de\/index.php?rest_route=%2Fwp%2Fv2%2Fcomments&post=705"}],"version-history":[{"count":6,"href":"https:\/\/uhv-untere-oste.de\/index.php?rest_route=\/wp\/v2\/pages\/705\/revisions"}],"predecessor-version":[{"id":1210,"href":"https:\/\/uhv-untere-oste.de\/index.php?rest_route=\/wp\/v2\/pages\/705\/revisions\/1210"}],"wp:attachment":[{"href":"https:\/\/uhv-untere-oste.de\/index.php?rest_route=%2Fwp%2Fv2%2Fmedia&parent=705"}],"curies":[{"name":"wp","href":"https:\/\/api.w.org\/{rel}","templated":true}]}}

<p class="has-text-align-center"><strong>Aktuelles für Sie zusammengefasst!</strong></p>



<p>Sie möchten wissen was bei uns so los ist? Hier werden Sie immer auf den neusten Stand gebracht. Baumaßnahmen, Veranstaltungen und besondere Vorkommnisse &#8211; alles für Sie zusammengefasst. </p>


<h2 class="wp-block-post-title">Aktuelles</h2>

<ul class="wp-block-latest-posts__list has-dates wp-block-latest-posts"><li><a class="wp-block-latest-posts__post-title" href="https://uhv-untere-oste.de/?p=1427">Neuer Schlepper im Fuhrpark des Unterhaltungsverbandes Untere Oste</a><time datetime="2026-03-03T08:09:29+00:00" class="wp-block-latest-posts__post-date">3. März 2026</time><div class="wp-block-latest-posts__post-excerpt">Der Unterhaltungsverband Untere Oste hat seinen Fuhrpark um einen modernen John Deere 6M 125 AP Schlepper mit Frontlader erweitert. Mit der Neuanschaffung investiert der Verband gezielt in eine leistungsfähige und zukunftssichere Ausstattung… <a class="wp-block-latest-posts__read-more" href="https://uhv-untere-oste.de/?p=1427" rel="noopener noreferrer"><span class="screen-reader-text">Neuer Schlepper im Fuhrpark des Unterhaltungsverbandes Untere Oste </span>weiterlesen</a></div></li>
<li><a class="wp-block-latest-posts__post-title" href="https://uhv-untere-oste.de/?p=1405">Neuer Verbandsvorsteher beim Unterhaltungsverband Untere Oste ab 01.01.2026</a><time datetime="2026-01-05T08:41:14+00:00" class="wp-block-latest-posts__post-date">5. Januar 2026</time><div class="wp-block-latest-posts__post-excerpt">Der Unterhaltungsverband Untere Oste verabschiedete am 18. Dezember 2025 den bisherigen Verbandsvorsteher Johann-Martin Hildebrandt und wählte im Rahmen der Ausschusssitzung Andreas Brandt als neuen Verbandsvorsteher. Die offizielle Amtszeit von Verbandsvorsteher Hildebrandt endet… <a class="wp-block-latest-posts__read-more" href="https://uhv-untere-oste.de/?p=1405" rel="noopener noreferrer"><span class="screen-reader-text">Neuer Verbandsvorsteher beim Unterhaltungsverband Untere Oste ab 01.01.2026 </span>weiterlesen</a></div></li>
<li><a class="wp-block-latest-posts__post-title" href="https://uhv-untere-oste.de/?p=1359">Umfangreiche Entschlammungsmaßnahmen durch den Unterhaltungsverband Untere Oste</a><time datetime="2025-02-19T09:30:15+00:00" class="wp-block-latest-posts__post-date">19. Februar 2025</time><div class="wp-block-latest-posts__post-excerpt">Eines der sich jährlich wiederholenden Tätigkeiten des Unterhaltungsverbandes Untere Oste sind die Entschlammungsmaßnahmen an den Verbandsgewässern. Auch in diesem Jahr wurden wieder ca. 20 km Gewässer II. Ordnung entschlammt. Aber wozu dient… <a class="wp-block-latest-posts__read-more" href="https://uhv-untere-oste.de/?p=1359" rel="noopener noreferrer"><span class="screen-reader-text">Umfangreiche Entschlammungsmaßnahmen durch den Unterhaltungsverband Untere Oste </span>weiterlesen</a></div></li>
<li><a class="wp-block-latest-posts__post-title" href="https://uhv-untere-oste.de/?p=1302">Niederschläge fordern die Kapazitäten des Unterhaltungsverbandes</a><time datetime="2023-08-23T07:36:24+00:00" class="wp-block-latest-posts__post-date">23. August 2023</time><div class="wp-block-latest-posts__post-excerpt">Hauptthema der letzten Wochen ist die derzeitige Wetterlage. Ein Blick auf die Vergleichsdaten der letzten Jahre zeigen den starken Anstieg der Niederschlagsmengen (Juli 2019 – 23,8 mm, Juli 2020 – 106,0 mm,… <a class="wp-block-latest-posts__read-more" href="https://uhv-untere-oste.de/?p=1302" rel="noopener noreferrer"><span class="screen-reader-text">Niederschläge fordern die Kapazitäten des Unterhaltungsverbandes </span>weiterlesen</a></div></li>
<li><a class="wp-block-latest-posts__post-title" href="https://uhv-untere-oste.de/?p=1269">Jubiläumsfeier beim Unterhaltungsverband</a><time datetime="2023-05-02T05:48:39+00:00" class="wp-block-latest-posts__post-date">2. Mai 2023</time><div class="wp-block-latest-posts__post-excerpt">Der Unterhaltungsverband Untere Oste hat im feierlichen Rahmen langjährige Schöpfwerkswärter/- innen ausgezeichnet. 4 Jubilare sind der Einladung gefolgt und Thorsten Ratzke, Geschäftsführer des Unterhaltungsverbandes Untere Oste, hat die Gelegenheit genutzt Danke zu… <a class="wp-block-latest-posts__read-more" href="https://uhv-untere-oste.de/?p=1269" rel="noopener noreferrer"><span class="screen-reader-text">Jubiläumsfeier beim Unterhaltungsverband </span>weiterlesen</a></div></li>
</ul>

<p>Aktuelles für Sie zusammengefasst! Sie möchten wissen was bei uns so los ist? Hier werden Sie immer auf den neusten Stand gebracht. Baumaßnahmen, Veranstaltungen und besondere Vorkommnisse &#8211; alles für Sie zusammengefasst.</p>
